t is the thousands digit of l?
6
What is the thousands digit of 2568319/247 + 10/(-190)?
0
Let h be ((-156)/10)/(6/(-30)). Suppose -h = -o + 290. What is the hundreds digit of o?
3
Suppose 5*r - 361 = -p, -6*r + 11*r = -3*p + 1063. What is the tens digit of p/3 - 4/4*-3?
2
Suppose y + 27 = 38. Suppose -y*j + 5 = -6*j, -x + 549 = 5*j. What is the tens digit of x?
4
Let x = -33074 - -68248. What is the thousands digit of x?
5
Let u(w) be the second derivative of -25*w**3/6 + 65*w**2/2 + 22*w. What is the hundreds digit of u(-10)?
3
Let f(v) = v**3 - v**2 - 13*v + 10. Let x be f(-10). What is the tens digit of (x/100)/((-6)/20)?
3
Let y(r) = -5*r**2 + 873*r - 359. What is the ten thousands digit of y(121)?
3
Let v(j) = 33*j**2 - 5*j - 16. Suppose 4*a + 4*w = 357 - 77, -2*a = -2*w - 140. Let b = a - 73. What is the tens digit of v(b)?
9
Let o = -4 - -1. Let k be o/((-63)/28*2/(-24)). What is the tens digit of (268/8)/((-4)/k)?
3
Let t(y) = 1389*y + 8495. What is the ten thousands digit of t(25)?
4
Let q(w) = -4*w**2 + 37*w - 28. Suppose 0 = -4*d + 20, 2*m - 2*d = -5*d + 31. What is the tens digit of q(m)?
1
Let d(g) = -172*g**3 - 98*g**2 - 580*g - 10. What is the thousands digit of d(-6)?
7
Let p(g) = -2*g**3 + 3*g**2 + 2*g + 2. Let j be p(3). Let s = -15 - j. Suppose -s*n + 361 = -155. What is the units digit of n?
9
Let o = 436 - 259. Let j = o + -93. What is the units digit of ((-24)/14)/(4 - 338/j)?
2
Suppose 0 = 22*v + 130 - 18029 - 6323. What is the thousands digit of v?
1
Let i be (1*12)/((-9)/(-5826)). Suppose 6*h - i = 1940. What is the hundreds digit of h?
6
Let q = 379 + -375. What is the tens digit of q/(5376/2680 - 2)?
7
Let u(i) be the second derivative of i**5/20 - i**4/3 - 7*i**3/6 + 5*i**2/2 + 11*i. Let j be u(5). What is the tens digit of -1*(7 + j) - -192?
9
Let t = 10632 + 16164. What is the units digit of t?
6
Suppose -45*y = -43*y + 267392. What is the hundreds digit of y/(-192) + (-4)/(-6)?
6
Suppose -53 = -4*u - q + 81, 2*u - 5*q = 56. Suppose 44*y = u*y + 6226. What is the hundreds digit of y?
5
Let l = -18675 - -55695. What is the tens digit of l?
2
Suppose 3 = -2*s - 9. What is the tens digit of 1*((s - -96) + -2)?
8
Let j(i) = i**3 + 5*i**2 + 3*i - 1. Let k be j(-4). Let v be ((-2)/(-4))/((k + -9)/(-24)). What is the hundreds digit of ((-120)/18)/(v - (-122)/(-60))?
2
Let w = 244 + -1142. Let g = w - -1729. What is the tens digit of g?
3
Suppose -3*h = 5*y - 81102, 36 = 4*h + 40. What is the ten thousands digit of y?
1
Let f(r) = -r**3 + 19*r**2 + 40*r - 57. Let u be f(17). Suppose -5*w - 3*j + 1405 = 0, -4*w - 4*j + u = 69. What is the units digit of w?
8
Suppose -261*a - 956 = -262*a - 4*c, -3*a = 4*c - 2892. What is the units digit of a?
8
Let s be ((-2218)/(-1) + 1)/1. Let t be (6*10/(-60))/(-2 + 217/109). Suppose t = 12*n - s. What is the hundreds digit of n?
1
Suppose -3630780 = -5*m - 14*m - 50*m. What is the tens digit of m?
2
Suppose 3*z = 4*n - 7, 6*n - 29 = -3*z + n. Suppose -1 = -4*i + 7, 0 = z*p + 3*i - 1806. What is the tens digit of p?
0
Let h(p) be the third derivative of 143*p**4/24 - 59*p**3/6 - 12*p**2. Let x be h(7). Suppose x = 5*y + 132. What is the units digit of y?
2
Let i = -195 + 155. What is the units digit of (i/2)/(-8 - 254/(-32))?
0
Suppose -5*k + 1629 = -2*n, 0 = 2*k - 6*k - 5*n + 1290. Let m = -189 + 191. What is the units digit of m*3*k/15?
0
Suppose 3*j + 4*y = 160, 2*j + j - 164 = -5*y. Let h = 150 + j. Let a = h - 140. What is the units digit of a?
8
Suppose 184648 = 23*l - 73504. What is the hundreds digit of l?
2
Let u be (3 + 153)/(18/12). Let q = u + 105. What is the units digit of q?
9
Let o = -166 - -168. Suppose -3*n - 47 = -o*y, -y - y = 2*n - 72. What is the units digit of y?
1
What is the thousands digit of (-12 - (-1248)/112)/(2/(-16394))?
7
Let v be (-4)/12 - 5380/15. Let t = v + 755. What is the hundreds digit of t?
3
Suppose -2*g - 5*s = -6*g - 2056, -3*g + 3*s = 1539. Let b = 736 + g. What is the tens digit of b?
2
Suppose 0 = 546*b - 513*b - 1662144. What is the units digit of b?
8
Let l(n) = 3*n**2 - 29*n - 48. What is the tens digit of l(13)?
8
Let s(r) = r**3 - 3*r**2 - 11*r + 13. Let t be s(5). Suppose 4*v + t = 0, 2*d - 5*v - 15 = -3*d. What is the tens digit of (4 - d)*16/36*21?
2
Suppose 17*w + 82325 - 190772 = 73147. What is the tens digit of w?
8
Let n(x) = -13*x**3 - 13*x + 14*x**3 + 6*x**2 + 21 - 22. Suppose 2*s - 6*s = 24. What is the tens digit of n(s)?
7
Let i be 6*((-3)/(-12))/((-12)/(-16)). Suppose 7*l - i*l = -3*j + 877, -5*l + 299 = j. What is the tens digit of j?
8
Let t(h) = 364*h + 3. Let u(s) be the third derivative of -91*s**4/24 - s**3/6 + 10*s**2. Let x(o) = -4*t(o) - 18*u(o). What is the hundreds digit of x(1)?
1
Let n(q) = -3*q + 2*q + 3*q**2 + 2 - 5*q**2 - 2*q**2 + 20*q**3. What is the hundreds digit of n(2)?
1
Suppose -2*u = -3*x + 104710, 0 = -3*u + 838 - 826. What is the thousands digit of x?
4
What is the ten thousands digit of (4 - 374427)/(-7) - 7/(1/1)?
5
Suppose 4*d - 4*v - 48 = 0, -d + 0*v = -2*v - 16. What is the tens digit of 144675/180 + 2/d?
0
Let g(h) = -15*h - 45 + h - 11. Let m be g(-5). What is the units digit of 3776/m + ((-112)/(-49))/8?
0
Suppose 36 - 40 = -x. Suppose x*j + 9*o + 8 = 5*o, -37 = -4*j + 5*o. What is the units digit of ((-2)/j)/(2/(-507))?
9
Suppose -3*q + 63 = 39. Suppose -q*a = -3*a + 5*x - 560, 0 = 3*x - 12. Suppose r = -4*u + 88, 2*r + 5*u - 65 = a. What is the tens digit of r?
8
Let o be 2 - (-1 - -5) - -459. Let t = o + -249. What is the units digit of t?
8
What is the units digit of 7/(582897/(-44842) - -13)?
6
Let o(j) = -169 + 11*j - 3*j - 60 + 7*j - 3*j. What is the tens digit of o(27)?
9
Let x(g) be the third derivative of 29*g**4/8 - 7*g**3/3 + 2*g**2 - 42. What is the units digit of x(3)?
7
Let b(g) = -g**2 + g - 1. Let l(n) = -11*n - 14. Let o(c) = -b(c) + l(c). Let h be o(22). Let f = h + -136. What is the tens digit of f?
7
Suppose 0 = 3*w + 84*l - 89*l - 8033, -w + 2687 = -4*l. What is the hundreds digit of w?
6
Suppose 26*y + 693 = 28*y + g, 4*y - 1356 = 4*g. What is the hundreds digit of y?
3
Let q = 408 + 64. Let i = 489 + -820. Let o = q + i. What is the hundreds digit of o?
1
Suppose 0*c + 46 = -c. Suppose 15*y + 410 + 1240 = 0. Let x = c - y. What is the tens digit of x?
6
Suppose -32*g = -27*g + i - 20915, 4*g - 2*i - 16718 = 0. Let v = g + -2822. What is the units digit of v?
0
Suppose -x - 4 = -2*x, 3*x = 3*h - 2991. Let z = 1671 - h. What is the tens digit of z?
7
Let v(o) = -3*o - 3. Let i be v(5). Let y = -4 - -3. What is the tens digit of (-169)/(-26)*i/y?
1
Let r(n) = 29*n**2 + 34*n - 57. What is the thousands digit of r(22)?
4
Suppose -11798 = -3*i - 4*m, 0 = -5*i - 2*m + 26639 - 6985. What is the thousands digit of i?
3
What is the units digit of 5/(-9 - 73730/(-8192))?
0
Suppose 2*p - 36 = -10*p. Suppose -p*n = -8*k + 10*k - 610, 4*k - 1224 = -4*n. What is the hundreds digit of k?
3
What is the units digit of (0 + 2)/((-2115990)/(-111367) - 19)?
2
Suppose -5*k + t - 46 = -t, 0 = 3*k + 2*t + 18. Let b be 287/56 + 1/k. Suppose -4*p + a + 318 = 0, b*p = p + 2*a + 320. What is the units digit of p?
9
Suppose i - 5*r = 13864 + 2976, -4*i = 5*r - 67485. What is the units digit of i?
5
Suppose -12 = 4*k, f + f + 4 = -4*k. Suppose -813 = f*h + 531. What is the tens digit of 9/(-15) - (h/10 - -3)?
3
Suppose n = 1, 65*y + 5*n + 7815 = 69*y. What is the tens digit of y?
5
Let z(i) = 878*i**2 + 45*i + 5. What is the units digit of z(3)?
2
Let v(t) = -t**2 + 1. Let i(k) = 5*k**2 + 54*k - 43. Let p(j) = i(j) + v(j). Let w(u) be the first derivative of p(u). What is the hundreds digit of w(31)?
3
Suppose -4*l - 126572 = -2*a, -3*l + 126600 = -312*a + 314*a. What is the ten thousands digit of a?
6
Let y = 85 - 4. Let u(o) = o - 38. Let c be u(-3). Let t = c + y. What is the units digit of t?
0
Suppose 2*g - 18 = -10. Suppose -u = -g*u. Suppose 2*s - 4*h - 80 = 0, u = 5*s + h + 123 - 334. What is the tens digit of s?
4
Let r(z) = -17*z - 218. Let h be r(-13). Let t(w) = 3*w**3 + 5*w - 7. What is the tens digit of t(h)?
8
Suppose -5*p + 1448*w + 37564 = 1447*w, 5*w = 2*p - 15044. What is the hundreds digit of p?
5
Suppose 80 = -54*d - 136. What is the tens digit of (-770 + 13)/(d - -3)?
